{"id":821,"date":"2018-05-03T15:19:25","date_gmt":"2018-05-03T15:19:25","guid":{"rendered":"http:\/\/wpoffice\/enfold-lawyer\/?page_id=821"},"modified":"2021-09-03T11:02:17","modified_gmt":"2021-09-03T11:02:17","slug":"kontakt","status":"publish","type":"page","link":"https:\/\/xn--kaevamistd-mcba.ee\/?page_id=821","title":{"rendered":"Kontakt"},"content":{"rendered":"[av_submenu which_menu='custom' menu='12' position='left' color='socket_color' mobile='active' mobile_switch='av-switch-768' mobile_submenu='aviaTBmobile_submenu' alb_description='' id='' custom_class='' template_class='' av_uid='av-kt48ulzi' sc_version='1.0']\r\n[av_submenu_item title='Kaevet\u00f6\u00f6d' button_style='' link='page,1518' linktarget='' av_uid='av-59oyby' sc_version='1.0']\r\n[av_submenu_item title='Septikute m\u00fc\u00fck ja paigaldus' button_style='' link='page,1168' linktarget='' av_uid='av-48nd2m' sc_version='1.0']\r\n[av_submenu_item title='T\u00e4navakivide paigaldus' button_style='' link='page,1497' linktarget='' av_uid='av-2zrhry' sc_version='1.0']\r\n[av_submenu_item title='Veoteenused multilift kalluriga' button_style='' link='page,1660' linktarget='' av_uid='av-kt48ujia' sc_version='1.0']\r\n[\/av_submenu]\r\n\r\n\n<div id='av_section_1'  class='avia-section av-d53hx-4296731dc2aa5eef6ce2f93f61e57b5d main_color avia-section-default avia-no-border-styling  avia-builder-el-1  el_after_av_postcontent  avia-builder-el-last  avia-bg-style-scroll container_wrap fullsize'  ><div class='container av-section-cont-open' ><div class='template-page content  av-content-full alpha units'><div class='post-entry post-entry-type-page post-entry-821'><div class='entry-content-wrapper clearfix'>\n<div class='flex_column_table av-ksu210lu-7c5b38d0ff511e40f910c8dee3811b93 sc-av_one_third av-equal-height-column-flextable'>\n<style type=\"text\/css\" data-created_by=\"avia_inline_auto\" id=\"style-css-av-ksu210lu-7c5b38d0ff511e40f910c8dee3811b93\">\n.flex_column.av-ksu210lu-7c5b38d0ff511e40f910c8dee3811b93{\npadding:0 0 0 0;\n}\n<\/style>\n<div  class='flex_column av-ksu210lu-7c5b38d0ff511e40f910c8dee3811b93 av_one_third  avia-builder-el-2  el_before_av_two_third  avia-builder-el-first  first flex_column_table_cell av-equal-height-column av-align-middle av-zero-column-padding  '     ><p>\n<style type=\"text\/css\" data-created_by=\"avia_inline_auto\" id=\"style-css-av-bbc7p-28c7880a007eda1d8dc0ed0fd9e7ee16\">\n#top .av-special-heading.av-bbc7p-28c7880a007eda1d8dc0ed0fd9e7ee16{\npadding-bottom:10px;\nfont-size:35px;\n}\nbody .av-special-heading.av-bbc7p-28c7880a007eda1d8dc0ed0fd9e7ee16 .av-special-heading-tag .heading-char{\nfont-size:25px;\n}\n#top #wrap_all .av-special-heading.av-bbc7p-28c7880a007eda1d8dc0ed0fd9e7ee16 .av-special-heading-tag{\nfont-size:35px;\n}\n.av-special-heading.av-bbc7p-28c7880a007eda1d8dc0ed0fd9e7ee16 .av-subheading{\nfont-size:15px;\n}\n\n@media only screen and (min-width: 480px) and (max-width: 767px){ \n#top #wrap_all .av-special-heading.av-bbc7p-28c7880a007eda1d8dc0ed0fd9e7ee16 .av-special-heading-tag{\nfont-size:25px;\n}\n}\n\n@media only screen and (max-width: 479px){ \n#top #wrap_all .av-special-heading.av-bbc7p-28c7880a007eda1d8dc0ed0fd9e7ee16 .av-special-heading-tag{\nfont-size:25px;\n}\n}\n<\/style>\n<div  class='av-special-heading av-bbc7p-28c7880a007eda1d8dc0ed0fd9e7ee16 av-special-heading-h3 blockquote modern-quote  avia-builder-el-3  el_before_av_textblock  avia-builder-el-first  av-inherit-size'><h3 class='av-special-heading-tag '  itemprop=\"headline\"  >Kaevetek O\u00dc<\/h3><div class=\"special-heading-border\"><div class=\"special-heading-inner-border\"><\/div><\/div><\/div><br \/>\n<section  class='av_textblock_section av-12e06d-675a12cb0b985131f10c328f63079908 '   itemscope=\"itemscope\" itemtype=\"https:\/\/schema.org\/CreativeWork\" ><div class='avia_textblock'  itemprop=\"text\" ><p><strong>Reg. nr:<\/strong> 14142270<br \/>\n<strong>Aadress:\u00a0<\/strong>P\u00e4ri k\u00fcla, Viljandimaa<\/p>\n<p><strong>E-post:<\/strong> kaevetek@gmail.com<br \/>\n<strong>Telefon:<\/strong>\u00a0+372 5551 3306<\/p>\n<\/div><\/section><br \/>\n<div  class='hr av-rfil-fe1b1e5beb35b89a1a22ccd41e8598e9 hr-default  avia-builder-el-5  el_after_av_textblock  el_before_av_textblock '><span class='hr-inner '><span class=\"hr-inner-style\"><\/span><\/span><\/div><br \/>\n<section  class='av_textblock_section av-kt1eglsl-d8e5005c399b56d097a270e2dd2fe71d '   itemscope=\"itemscope\" itemtype=\"https:\/\/schema.org\/CreativeWork\" ><div class='avia_textblock'  itemprop=\"text\" ><p>Kuna iga t\u00f6\u00f6 on oma erip\u00e4rade poolest teistest erinev, ei ole teenustele v\u00f5imalik konkreetset hinda k\u00fclge kleepida. Seet\u00f5ttu palume teil hinnapakkumise saamiseks v\u00f5tta meiega \u00fchendust.<\/p>\n<\/div><\/section><\/p><\/div><div class='av-flex-placeholder'><\/div>\n<style type=\"text\/css\" data-created_by=\"avia_inline_auto\" id=\"style-css-av-kt1e168j-28621e8182d0c6af0cf425b8807190e7\">\n.flex_column.av-kt1e168j-28621e8182d0c6af0cf425b8807190e7{\npadding:0 0 0 0;\n}\n<\/style>\n<div  class='flex_column av-kt1e168j-28621e8182d0c6af0cf425b8807190e7 av_two_third  avia-builder-el-7  el_after_av_one_third  avia-builder-el-last  flex_column_table_cell av-equal-height-column av-align-middle av-zero-column-padding  '     ><p>\n<style type=\"text\/css\" data-created_by=\"avia_inline_auto\" id=\"style-css-av-ksu20ufk-ac20612a516e7d31e0a8a0d5cad14df2\">\n#top .av-special-heading.av-ksu20ufk-ac20612a516e7d31e0a8a0d5cad14df2{\npadding-bottom:20px;\nfont-size:35px;\n}\nbody .av-special-heading.av-ksu20ufk-ac20612a516e7d31e0a8a0d5cad14df2 .av-special-heading-tag .heading-char{\nfont-size:25px;\ncolor:#edae44;\npadding-bottom:10px;\n}\nbody .av-special-heading.av-ksu20ufk-ac20612a516e7d31e0a8a0d5cad14df2 .av-special-heading-tag .heading-char.avia-svg-icon svg:first-child{\nfill:#edae44;\nstroke:#edae44;\n}\n#top #wrap_all .av-special-heading.av-ksu20ufk-ac20612a516e7d31e0a8a0d5cad14df2 .av-special-heading-tag{\nfont-size:35px;\n}\n.av-special-heading.av-ksu20ufk-ac20612a516e7d31e0a8a0d5cad14df2 .special-heading-inner-border{\nborder-color:#edae44;\n}\n.av-special-heading.av-ksu20ufk-ac20612a516e7d31e0a8a0d5cad14df2 .av-subheading{\nfont-size:15px;\n}\nbody .av-special-heading.av-ksu20ufk-ac20612a516e7d31e0a8a0d5cad14df2 .av-special-heading-tag .heading-wrap:before{\nborder-color:#edae44;\n}\nbody .av-special-heading.av-ksu20ufk-ac20612a516e7d31e0a8a0d5cad14df2 .av-special-heading-tag .heading-wrap:after{\nborder-color:#edae44;\n}\n\n@media only screen and (min-width: 480px) and (max-width: 767px){ \n#top #wrap_all .av-special-heading.av-ksu20ufk-ac20612a516e7d31e0a8a0d5cad14df2 .av-special-heading-tag{\nfont-size:25px;\n}\n}\n\n@media only screen and (max-width: 479px){ \n#top #wrap_all .av-special-heading.av-ksu20ufk-ac20612a516e7d31e0a8a0d5cad14df2 .av-special-heading-tag{\nfont-size:25px;\n}\n}\n<\/style>\n<div  class='av-special-heading av-ksu20ufk-ac20612a516e7d31e0a8a0d5cad14df2 av-special-heading-h3 custom-color-heading blockquote elegant-quote elegant-centered  avia-builder-el-8  el_before_av_contact  avia-builder-el-first  av-inherit-size av-icon'><h3 class='av-special-heading-tag '  itemprop=\"headline\"  ><span class='heading-char avia-iconfont avia-font-entypo-fontello' data-av_icon='\ue805' data-av_iconfont='entypo-fontello' ><\/span><span class=\"heading-wrap\">K\u00fcsi hinnapakkumist<\/span><\/h3><div class=\"special-heading-border\"><div class=\"special-heading-inner-border\"><\/div><\/div><\/div><br \/>\n<form action=\"https:\/\/xn--kaevamistd-mcba.ee\/?page_id=821\" method=\"post\" data-fields-with-error=\"Found errors in the following field(s):\" class=\"avia_ajax_form av-form-labels-visible   avia-builder-el-9  el_after_av_heading  avia-builder-el-last   \" data-avia-form-id=\"1\" data-avia-redirect='' ><fieldset><p class='  first_form  form_element form_element_third' id='element_avia_1_1'><label for=\"avia_1_1\">Nimi <abbr class=\"required\" title=\"required\">*<\/abbr><\/label> <input name=\"avia_1_1\" class=\"text_input is_empty\" type=\"text\" id=\"avia_1_1\" value=\"\" \/><\/p><p class='  form_element form_element_third' id='element_avia_2_1'><label for=\"avia_2_1\">E-post <abbr class=\"required\" title=\"required\">*<\/abbr><\/label> <input name=\"avia_2_1\" class=\"text_input is_email\" type=\"text\" id=\"avia_2_1\" value=\"\" \/><\/p><p class='  form_element form_element_third' id='element_avia_3_1'><label for=\"avia_3_1\">Telefon<\/label> <input name=\"avia_3_1\" class=\"text_input \" type=\"text\" id=\"avia_3_1\" value=\"\" \/><\/p><p class='  first_form  form_element form_element_half' id='element_avia_4_1'><label for=\"avia_4_1\">Teenuse t\u00e4psustus <abbr class=\"required\" title=\"required\">*<\/abbr><\/label> <input name=\"avia_4_1\" class=\"text_input is_empty\" type=\"text\" id=\"avia_4_1\" value=\"\" \/><\/p><p class='  form_element form_element_half' id='element_avia_5_1'><label for=\"avia_5_1\">Objekti asukoht <abbr class=\"required\" title=\"required\">*<\/abbr><\/label> <input name=\"avia_5_1\" class=\"text_input is_empty\" type=\"text\" id=\"avia_5_1\" value=\"\" \/><\/p><p class='  first_form  form_element form_fullwidth' id='element_avia_6_1'><label for=\"avia_6_1\" class=\"textare_label hidden textare_label_avia_6_1\">Lisainformatsioon <abbr class=\"required\" title=\"required\">*<\/abbr><\/label><textarea  name=\"avia_6_1\" class=\"text_area is_empty\" cols=\"40\" rows=\"7\" id=\"avia_6_1\" ><\/textarea><\/p><p class=\"hidden\"><input type=\"text\" name=\"avia_7_1\" class=\"hidden \" id=\"avia_7_1\" value=\"\" \/><\/p><div id='avia_8_1' class='av-recaptcha-area  first_form  form_element form_fullwidth '  data-container_class=\"\" data-custom_class=\"\" data-context=\"av_contact_form\" data-token_input=\"av_recaptcha_token\" data-version=\"avia_recaptcha_v3\" data-theme=\"light\" data-size=\"normal\" data-score=\"0.5\" data-text_to_preview=\"\" data-value=\"\"><div class=\"av-google-badge-message hidden\">This site is protected by reCAPTCHA and the Google <a href=\"https:\/\/policies.google.com\/privacy\">Privacy Policy<\/a> and <a href=\"https:\/\/policies.google.com\/terms\">Terms of Service<\/a> apply.<\/div><\/div><p class=\"form_element \"><input type=\"hidden\" value=\"1\" name=\"avia_generated_form1\" \/><input type=\"submit\" value=\"Saada kiri\" class=\"button\"  data-sending-label=\"Sending\"\/><\/p><\/fieldset><div class=\"avia-disabled-form\">This contact form is deactivated because you refused to accept Google reCaptcha service which is necessary to validate any messages sent by the form.<\/div><\/form><div id=\"ajaxresponse_1\" class=\"ajaxresponse ajaxresponse_1 hidden\"><\/div><\/p><\/div><\/div><!--close column table wrapper. Autoclose: 1 -->\n\n","protected":false},"excerpt":{"rendered":"","protected":false},"author":1,"featured_media":0,"parent":0,"menu_order":0,"comment_status":"closed","ping_status":"closed","template":"","meta":{"footnotes":""},"class_list":["post-821","page","type-page","status-publish","hentry"],"_links":{"self":[{"href":"https:\/\/xn--kaevamistd-mcba.ee\/index.php?rest_route=\/wp\/v2\/pages\/821","targetHints":{"allow":["GET"]}}],"collection":[{"href":"https:\/\/xn--kaevamistd-mcba.ee\/index.php?rest_route=\/wp\/v2\/pages"}],"about":[{"href":"https:\/\/xn--kaevamistd-mcba.ee\/index.php?rest_route=\/wp\/v2\/types\/page"}],"author":[{"embeddable":true,"href":"https:\/\/xn--kaevamistd-mcba.ee\/index.php?rest_route=\/wp\/v2\/users\/1"}],"replies":[{"embeddable":true,"href":"https:\/\/xn--kaevamistd-mcba.ee\/index.php?rest_route=%2Fwp%2Fv2%2Fcomments&post=821"}],"version-history":[{"count":43,"href":"https:\/\/xn--kaevamistd-mcba.ee\/index.php?rest_route=\/wp\/v2\/pages\/821\/revisions"}],"predecessor-version":[{"id":1671,"href":"https:\/\/xn--kaevamistd-mcba.ee\/index.php?rest_route=\/wp\/v2\/pages\/821\/revisions\/1671"}],"wp:attachment":[{"href":"https:\/\/xn--kaevamistd-mcba.ee\/index.php?rest_route=%2Fwp%2Fv2%2Fmedia&parent=821"}],"curies":[{"name":"wp","href":"https:\/\/api.w.org\/{rel}","templated":true}]}}